7 = -2187. List the prime factors of a.
2, 3, 5
Let z(n) = n**3 + 5*n**2 + 4*n + 3. Let i be z(-5). Let f = -50 + 47. What are the prime factors of (1 + i)/(-2) - f?
11
Let f be (-31)/(2*3/(-18)). Suppose 0 = x - f - 51. List the prime factors of x.
2, 3
Let j be 1/(2/616) - 4. Suppose -j = -4*u + 2*n, -3*u + u - 3*n + 144 = 0. Let h = -10 + u. What are the prime factors of h?
5, 13
Let w(f) = -f + 7. Let z be w(5). Let i(t) = 5*t**2 - 2. What are the prime factors of i(z)?
2, 3
Let h = -3 - -19. Let m = 70 - 32. Suppose -2*y + 5*s + m = 12, 4*s = y - h. What are the prime factors of y?
2
Let g = -26 - -31. Suppose 2*w + 71 = 5*w - 2*h, -g*w = h - 140. What are the prime factors of w?
3
Let t = 0 - -1. Suppose 0 = -2*a + 437 - 383. Suppose -z = -t - a. What are the prime factors of z?
2, 7
Suppose 3*d = -d + 1380. List the prime factors of d.
3, 5, 23
Let b(w) = -15*w**3 - 4*w**2 + 12*w - 28. Let c be b(-7). What are the prime factors of 4*((-3)/9 - c/(-84))?
229
Suppose 5*u + 4 = -n - 0*n, -4*n - 52 = 2*u. Let v = 36 - n. List the prime factors of v.
2, 5
Suppose -11820 - 39560 = -10*z. List the prime factors of z.
2, 7, 367
Let q(h) be the first derivative of -3*h**2/2 + 7*h - 1. Let w(r) = 4*r + 35. Let v be w(-11). What are the prime factors of q(v)?
2, 17
Suppose -2*w + 3*i = 4 + 8, -16 = 2*w - 4*i. Suppose 5*v - 3*v - 10 = w. Suppose 0*n = 5*n - v*p - 60, 3*p + 2 = n. What are the prime factors of n?
17
Let f(g) = -40*g**2 - 2*g - 2. Let w be f(-2). Let d = -43 - w. What are the prime factors of d?
5, 23
Suppose 0*b = -5*b + 10. Suppose 0 = g - 3*m - 81, 0*g - m + 197 = b*g. List the prime factors of g.
2, 3
Let p(w) = -2*w**2 + 4*w + 2. Let t be 3/(-2)*(-72)/27. Let k be p(t). Let i = k + 35. List the prime factors of i.
3, 7
List the prime factors of (-9399)/(-12) - ((-195)/20)/13.
2, 7
Let i be (-4)/10 + (-216)/(-40). Suppose i*l - 3*l - 120 = 0. Suppose 0 = 5*y - 4*t - 291, y + t - l = -0*y. What are the prime factors of y?
59
Let y be 0 - ((-50)/(-2))/(-5). Suppose 1030 = y*u + 2*s, 5*s = -u + 8*s + 206. List the prime factors of u.
2, 103
Let c(m) = -5*m + 1. Let n be c(-5). Let j = 98 + 68. Suppose -n = 7*a - j. List the prime factors of a.
2, 5
Let p be (-28)/(-5)*(2 - 7). Let j be (p/10)/((-10)/200). Let h = j + -28. List the prime factors of h.
2, 7
Let h = 1099 + 427. What are the prime factors of h?
2, 7, 109
Let j = -884 - -1571. What are the prime factors of j?
3, 229
Suppose 0 = 4*f + 2*y - 18, -5*f - y = -17 - 7. Suppose -4*u + c = -f, 0 = -u - 3*u - 4*c. List the prime factors of 5*u*(-3)/(-5).
3
Let g(f) = -f**2 - 83. Let h be g(0). Suppose 3*b = -4*b - 231. Let m = b - h. List the prime factors of m.
2, 5
Let t = 339 - -123. What are the prime factors of t?
2, 3, 7, 11
Suppose -2769 = -8*r + 6*r + 5*g, -g = -r + 1380. What are the prime factors of r?
3, 17
Let y(f) = 3*f**2 + 2*f + 1. Let r be y(-2). Let m be 52 - (r/(-3) + 5). Suppose 3*n + 2*n - 5*l - 140 = 0, -m = -2*n + 4*l. List the prime factors of n.
31
Suppose h + 2*l = 618, -4*l + 624 = h - 5*l. What are the prime factors of h?
2, 311
Let c(m) = -2*m - 22. Let j be c(-11). Let b(i) = -i**3 + i + 35. List the prime factors of b(j).
5, 7
Let f(k) be the second derivative of -k**5/5 + k**4/12 - 2*k**3/3 - 3*k**2/2 - 9*k. List the prime factors of f(-2).
41
Let y = 3398 - 1938. List the prime factors of y.
2, 5, 73
Let w = -16 - -16. Suppose -4*y + y + 3 = w. List the prime factors of (y + 9)/(2/4).
2, 5
Suppose 2*o = -1 + 7. Let d = 72 - 63. What are the prime factors of o/((d/(-78))/(-1))?
2, 13
Suppose -7*g - 4581 + 23852 = 0. What are the prime factors of g?
2753
Let w be 56/6*(-15)/(-10). Let u = w + -11. Suppose d - 3*t = -0*d + 27, -2*d - u*t = -18. List the prime factors of d.
3, 5
Let z be 7 - 6 - 68/2. Let s = 23 - z. List the prime factors of s.
2, 7
Let f be 26/(3 - 14/6). Suppose -2*y - 6 = -3*q + 15, -4*y + f = 3*q. What are the prime factors of q?
3
Let s be -3 - (17 - 0)*-1. Suppose -4*d + s = -3*d. Suppose 18*v - 136 = d*v. List the prime factors of v.
2, 17
Suppose -2*v + 5*v = 0. Suppose -5*q + 110 = 5*o, 2*q + 5*o + v*o - 50 = 0. Suppose 4 - q = -2*l. What are the prime factors of l?
2
Let o = 337 - 228. Let v = o - 86. What are the prime factors of v?
23
Suppose 2*s - 5*x + 106 = 0, 5*x + 138 = -2*s + 2*x. Let h = 102 - s. What are the prime factors of h?
3, 5, 11
Let v be (-2)/6 + (-38)/(-6). Suppose 4*b = d + 4, 10*d - 6 = 7*d + 3*b. Suppose 4*z + 336 = 8*z - d*f, 0 = 3*f + v. List the prime factors of z.
2, 41
Suppose 2*p = -4*a + 3*p - 1, 2*p = 3*a - 3. Let z = 29 + a. List the prime factors of z.
2, 7
Let v(d) = d**3 - 12*d**2 + 57*d + 4. List the prime factors of v(12).
2, 43
Let a(o) be the third derivative of -o**5/60 - o**4/3 + o**2. Let j be 52/(-8) + (-1)/(-2). List the prime factors of a(j).
2, 3
Let l(t) = t**3 + 9*t**2 + t + 11. Let d be l(-9). Suppose -3*f + 25 = d*f. Suppose 2*i - 35 = f*x, -5*i - x + 73 = x. What are the prime factors of i?
3, 5
Let g = -1996 - -3632. List the prime factors of g.
2, 409
Suppose n = 3*g + 84, -5*n - 4*g + 323 + 59 = 0. Suppose 5*y - 32 = n. Suppose 0 = -2*b - 3*c + c + y, -2*c + 4 = 0. What are the prime factors of b?
3
Let v = 678 - 456. What are the prime factors of v?
2, 3, 37
Suppose 5*x = 2*x + 4419. What are the prime factors of x?
3, 491
Suppose 416 = -12*r + 10*r. Let k(n) = n**2 + 8*n + 3. Let v be k(-7). What are the prime factors of (6/v)/(8/r)?
3, 13
Let k(u) = -9*u**2 - u + 2. Let g be k(1). What are the prime factors of (-348)/g*(-4)/(-3)?
2, 29
Let z(j) = -j + 12*j**2 - 9*j**2 - 4*j**2 + 3. Let i be z(-3). List the prime factors of 21 + i + 4 + -1.
3, 7
Suppose 2*q + 1 = -f, 11 - 1 = 2*f. List the prime factors of (-2)/((-2)/q) - 2964/(-26).
3, 37
Suppose 0 = -36*r + 10*r + 34814. What are the prime factors of r?
13, 103
Suppose 3*s - 372 = -4*c, 795 = 5*s - c + 175. Suppose -4*n - s = -2*n. List the prime factors of (n/3)/((-8)/12).
31
Let q be 226/4 + (-3)/6. Let x = q - 18. Suppose 4*v + j = x, -4*j - 3 = -v - j. What are the prime factors of v?
3
Let u(p) = 3*p**3 - 16*p**2 - 10*p + 32. Let c(f) = 7*f**3 - 33*f**2 - 21*f + 65. Let s(l) = 4*c(l) - 9*u(l). List the prime factors of s(-9).
7, 23
Let h(u) = -2*u**3 + 8*u**2 + 4*u + 5. Let y(t) = -3*t**3 + 8*t**2 + 4*t + 5. Let v(c) = 4*h(c) - 3*y(c). What are the prime factors of v(-7)?
2, 13
Let t(a) = 16*a - 52. What are the prime factors of t(17)?
2, 5, 11
Suppose -13*c + 1649 = -951. What are the prime factors of c?
2, 5
Suppose -5*q = -6 - 4. Suppose n + 12 = q*n. List the prime factors of n.
2, 3
Let b(h) = -821*h - 89. What are the prime factors of b(-3)?
2, 1187
Let z(r) = -r**3 + 28*r**2 - r + 8. Let n be z(28). Let w be (-2)/(2/(-1 - -2)). What are the prime factors of 55*(w - 32/n)?
3, 11
Suppose 0 = 5*a - 3*s - 30, 2*a + 4*s - 2*s + 4 = 0. Suppose 0*f - 243 = -a*d - f, -d - 5*f = -95. Suppose 4*k + k = d. What are the prime factors of k?
2
Suppose -9*y - 5 = 49. What are the prime factors of (-4)/5*1005/y?
2, 67
Suppose h = -13 + 18. Let l = h + -3. Suppose 4*a + 113 = l*r - a, -2*a = -4*r + 218. What are the prime factors of r?
2, 3
Let r = -6889 + 9648. List the prime factors of r.
31, 89
Let a(j) = -j**3 + 4*j**2. Let u be a(3). Suppose 24 = 5*c - 5*p + 2*p, 2*c + u = -5*p. What are the prime factors of c?
3
Let i = -9 - -1. What are the prime factors of 151 + i/(-6) + (-3)/9?
2, 19
Let h be (-7)/(-42) - 17/(-6). Suppose -2*c - h*c = -25. What are the prime factors of c?
5
Suppose -5*x = 2*j - 0*j - 10, -j = 5*x - 10. What are the prime factors of x*(12/8 - -4)?
11
Let t = -22 + 30. Suppose 0 = 12*p - t*p - 392. What are the prime factors of p?
2, 7
Let k = 165 - 165. Let h be (0 + (-10)/8)*-4. Suppose k = -h*q + 3 + 127. List the prime factors of q.
2, 13
Let l(t) = 2*t**2 - 6*t + 1. Suppose 2*p = 5*p + 12. List the prime factors of l(p).
3, 19
What are the prime factors of 238 - -3*20/12?
3
Let u be (-2)/12 - (-4)/24. What are the prime factors of (22/(-55))/((-1)/120 + u)?
2, 3
Let z(g) be the second derivative of 3*g**5/10 - g**3/3 + g**2/2 + g. Let f = -50 - -51. List the prime factors of z(f).
5
What are the prime factors of 458 + (-4 - -4)/(-7)?
2, 229
Suppose a + 154 = 799. Suppose -3 = -3*k - 12, 0 = 